+ 1 + 18 + 2 + -19?
-43
7 - (((0 - -4) + -29 - (-76 - -72)) + 0)
28
Calculate 15 - (-2 - (-47 + 23)).
-7
What is the value of (-16 - -24 - 0) + 14?
22
(2 - 32 - 0) + (8216 - 8219)
-33
8 + 2 + 21 - 40 - (1 + -52)
42
What is the value of -1 - -9 - (-46 + -30 + 16 + 48)?
20
What is (45 - 174 - -41) + 48?
-40
What is -48 + 44 + 12 + -21?
-13
What is 1 - -2 - (-35 + 50 - 26)?
14
66 + 2 - (8 + 75)
-15
What is -20 + (-53 - (-7 + -40))?
-26
What is -18 - (15 - (100 + (-15 - (9 + -33))))?
76
What is the value of -11 - (-1 - 3) - 1 - (3285 + -3388)?
95
Calculate (-149 - -114 - -91) + -121.
-65
What is the value of (0 - 21) + -57 + 73 + 21?
16
Evaluate -22 + 36 - 72 - -83.
25
(104 - 156 - -46) + (35 - -3) + (0 - -2)
34
Evaluate 22 + 1 + -209 + 208 - 78.
-56
Evaluate 14 + 0 + (-1 + 3 + -1 - 4) + -136.
-125
What is the value of (350 - 395) + (-20 - -4)?
-61
Calculate 140 + -274 - (-28 - 20).
-86
4 - -8 - 5 - (-43 + -4 - (-25 + 36))
65
What is (29 - 26) + -19 - (-34 + -7)?
25
What is the value of (2 - 2 - 1) + (-130 - -179 - 23)?
25
What is (-11 - (3 - 11) - -8) + 1 + 19?
25
Evaluate -66 + -1 + -512 + 539.
-40
-25 + -155 + (275 - 99)
-4
Evaluate (-12 - 0) + (14 - 6) + (-1 - 42).
-47
Calculate 23 - (39 - 30 - 27).
41
What is the value of 6 - ((9 - 2) + -3 + 13 + -1)?
-10
What is -88 - (-31 + 6 + -130)?
67
Calculate -4 - 0 - 2 - (-5 - -76 - 83).
6
(639 - 684) + 2 + -15 + -10
-68
Calculate (-78 + 46 - 46) + 168.
90
Calculate 2 + -2 - (-32 + 31 + -37 - -79).
-41
Calculate -87 - (-147 - (-97 + 103)).
66
What is (9 + (-5 - 6) + -35 - 4) + -1?
-42
Calculate 9 + (207 - 231) + (-36 - (0 + 0)).
-51
What is -116 - (3 - -30 - (-18 + 53 + -21))?
-135
What is the value of -76 - (35 - (7 - ((-19 - -32) + -23)))?
-94
Calculate -10 + 8 - (-11 - (-8 - -32) - (2 - -11)).
46
Calculate 1 + (-9 - -1) + 27 + (-4 - (5 + 23)).
-12
(-11 - -1 - (-43 + 35)) + (46 - 7)
37
Evaluate (156 + -227 - (-35 - 3)) + (0 - 1 - -3).
-31
What is -92 - ((-20 - (-12 - -2 - -2)) + 6)?
-86
(8 - (-9 + 23 + -6)) + -118 - -8 - -6
-104
What is 7 - (-91 - (-2 - (-2 + 18))) - -12?
92
What is the value of -46 + 2 + -1448 + 1496?
4
Evaluate -75 + 73 + (-2 - 16) + (4 - (-4 + 8)).
-20
Calculate 12 - ((21 - ((-4 - -3) + 6)) + -91 + 81).
6
What is the value of -86 + (72 - (-8 + 34))?
-40
Evaluate -2 + 4 - (-129 - -1) - (-23 - -20 - -17).
116
Evaluate 0 + -34 - ((-5 - 8) + 17 - 7).
-31
Calculate (1 - 3) + 103 - (-51 + 98 + -35).
89
What is the value of (-2 - (7 + -6 + -21 + 3)) + -21?
-6
Calculate 2 + -1 - (-55 - -60) - (15 - (2 + 5)).
-12
What is 23 + -44 + -19 + -61 + 28?
-73
(-4 - -1 - 3) + -4 + -15 + -10 + 8
-27
What is -22 + -32 + 21 - (1 + -13)?
-21
Evaluate 11 + 3 + (1 - 8) + 13 - 4.
16
Evaluate -8 + -5 + 4 + (3 - (-3 - -1)) + -25.
-29
Evaluate (6 - (3 - -22)) + 28 + -1 + 1 + -129.
-120
What is the value of -5 + (42 - (209 + -217 + (13 - 1)))?
33
(-45 - -2) + -32 + (49 - 5) + -5 + 2
-34
(3 + -6 - (-12 - 0)) + (45 + 52 - 66)
40
Evaluate (-12 - 0) + 94 + -173 + 38.
-53
What is the value of -55 - (-1 + 3) - (634 - 651)?
-40
Evaluate -9 + -6 + 2 + -47 + 0 - (6 + 2).
-68
Evaluate -23 - (-2 + -31 + -2 - -50).
-38
What is -42 + (-105 - -99) + -7?
-55
Evaluate 118 - (-9 + -1 + 17 + (342 - 348)).
117
What is the value of -583 + 488 + (0 - (-1 - 6)) - -19?
-69
-481 + 441 - (-19 + 60)
-81
-2275 + 2213 + 0 + 54
-8
Evaluate -69 + 11 - (23 + -29 + 31).
-83
What is 11 + (-47 - -17) + 30 + 29?
40
What is (-2 - -10) + (-124 + 11 - -94)?
-11
What is the value of -41 + -1 + (-35 - -62) + -46 + 12 + 2?
-47
Calculate (1 - -42) + -3 + 26 + (-21 - -6).
51
What is the value of 7 + 13 + (6 - 1) + (-188 - -184)?
21
What is 136 + (-210 - -82 - -94)?
102
Evaluate 10 - 21 - (120 - 136).
5
What is -52 - (46 - 32) - -45?
-21
Calculate 57 + -197 + -175 + 192.
-123
What is the value of 57 + -15 + -37 - (10 + 1)?
-6
Calculate -18 - (-4 + 6) - (129 + -190).
41
Calculate 25 + -28 + 10 + 21.
28
Calculate 23 + 21 + -58 - (46 - -3).
-63
Calculate (1 - 11 - 0) + 23 + -1 + -5 + 16.
23
(-16 - 15) + 1 + -16 + 39
-7
-3 - -2 - -1 - (-52 + 10)
42
What is -6 - (-78 + 79 + (5 + -16 - 3))?
7
-3 + -1 + (6 - 0) - (199 + -229)
32
Evaluate -38 - ((-12 - (-18 - -26)) + 4 + (4 - -5)).
-31
What is the value of (-11 - 6) + (32 - 6) + 19?
28
Calculate (-3 - -5) + (-3 + 6 + -11 + 8 - 7).
-5
What is -141 - (-234 + 79) - (-40 + -1 - (1 + 0))?
56
Evaluate 10 - (-24 - 7 - (0 - 2 - (20 + -19))).
38
Calculate 6 + (191 + -159 - 132).
-94
50 - (0 + 6) - (-18 - (-49 - -31))
44
Evaluate 22 + (23 - -15) + 18.
78
What is the value of 93 - (-67 + -109 + 365)?
-96
What is 27 + (-18 - -47) + -36?
20
Calculate -688 - -633 - (2 - 89).
32
-1 - (17 + (7 - 3)) - 28
-50
Evaluate -1 - (235 - 251 - (-6 - -1) - 2).
12
Evaluate (5 - 30) + 28 + -41.
-38
What is the value of -16 - (-12 + -71 + 20)?
47
What is 11 - (-6 - -2) - (0 + 87 - 5)?
-67
6 - -2 - (-12 - 23 - 2)
45
-6 - (-4 - (-2 + (-2 - (9 + -13)) + -5))
-7
What is the value of (-8 - -38 - 25) + (4 - 3)?
6
Calculate -39 - (140 - (156 + -90)).
-113
Evaluate -11 - (3 + (-46 - (9 - -5)) + -6).
52
What is the value of (73 - 115) + 108 - 53?
13
What is the value of -1014 + 1023 + (-3 - 30)?
-24
Calculate -48 + 64 + -29 + 57.
44
(-10 - -27) + 27 + -61 + (0 - -1)
-16
What is the value of (53 - 23) + -39 + 11?
2
Calculate (-29 - 113) + 124 - (0 - 64).
46
-50 - -5 - (-1 + -2) - (130 + -273 + 130)
-29
(-6 - 0) + -40 + (30 - (-22 - -21)) - 49
-64
What is the value of -64 + 43 - -61 - 54?
-14
What is -29 + (17 - 47) + 26?
-33
-7 + 22 + 14 + -8 + (-7 - (-13 - -14))
13
Calculate -32 - (-42 - 9 - -58).
-39
(0 - (8 + 8)) + 40 + 7
31
Evaluate (-79 - -17) + (-6 - -38).
-30
What is 45 - ((-31 - -81) + -55)?
50
Calculate 0 + -3 + 19 - (-13 - 15).
44
12 + -26 - 0 - -8 - (4 + -1 - 5)
-4
What is -28 + (-73 - -145) + -110?
-66
50 - 56 - (41 + 8 - -6)
-61
What is the value of 14 + -2 - (1 + -1) - (479 + -459)?
-8
What is -9 + (7 + (-12 - -5) - 3) + -8?
-20
What is the value of (5 - 0 - (-12 + 2)) + -37?
-22
What is the value of 4 - (-24 - (-26 - 72))?
-70
Calculate (94 - (3 + 0)) + (-65 - (-28 + -35)) + -3.
86
(0 - -37) + (91 - 68) + -39 + 3
24
-39 + 18 + -53 + 89
15
(-25 - -4 - 12) + -10
-43
Calculate -8 - (0 + -1 - (28 + (3 + -29 - -9))).
4
72 + -130 - (2 - 2 - 25)
-33
Evaluate -50 + (2 - -27) - 19.
-40
Calculate 16 - 1 - -2 - (1682 + -1682) - -13.
30
-9 + -28 + 33 + 34 - -4
34
What is (-8 - 2 - 1) + (76 - 43)?
22
13 - (48 + 8 + -20) - (12 - 1)
-34
Evaluate (0 - (3 + 0)) + (-304 - (-336 - -85)).
-56
What is -1 + 9 - (55 - ((12 - -5) + -35))?
-65
What is the value of 1 - -69 - (-12517 + 12559)?
28
Evaluate -48 + 45 + (-120 - -49).
-74
-51 - (15 + -20 + -3 + 31) - 15
-89
-87 - (35 + 30 + -118)
-34
What is the value of 53 - (97 - 43) - (3 - (0 - 2 - -44))?
38
Calculate (-29 - -6) + -52 + 45 + -3.
-33
Calculate (-236 - (-55 + -60)) + 54.
-67
What is 5 + 1 + -62 + (22 + -24 - -8) + 12?
-38
What is the value of -3 - ((-3 - 4 - -5) + (51 - 41)) - 4?
-15
Calculate (-89 + 59 - -100) + -71.
-1
What is the value of (30 - (17 - 19)) + -14 - 33?
-15
What is -13 - (20 + (-35 - -6)) - -81?
77
What is (125 - 88) + (-3 + (-4 - -2) - -1)?
33
What is the value of -37 + 309 + -149 + -126?
-3
Evaluate (19 - 3) + -16 + 19 + -18.
1
Calculate 43 + (-19 - 16) - (-5 - -133 - (5 + -14)).
-129
Calculate -200 + 209 + (-10 - (-3 + -1)) + 1 + -64.
-60
Evaluate 49 + -4 + (3 - 8) + (-2 - (6 - 18)).
50
Evaluate -34 + 18 + 80 - (-7 - -33).
38
Calculate -363 + 496 - ((2 - 0) + -6).
137
What is the value of (-2 - -2 - 15) + (17 - 66) + 6?
-58
Calculate 12 + 4 + 57 + -34.
39
What is -127 + (280 - 60) - 158?
-65
What is the value of -89 - (-241 - -116) - 95?
-59
What is (39 + 85 - 59) + -78?
-13
Calculate (-73 - -112) + (4 - -1 - 7 - -8 - 6).
39
What is 3 - 0 - 1 - -11 - (358 + -352)?
7
What is 18 - (20 + -1 + (13 + -13 - -20))?
-21
Evaluate (-32 - (53 - 97)) + 21.
33
Calculate ((33 - 40) + -19 - 60) + -11.
-97
What is the value of 4 + -25 - ((24 - 15) + -5 + (-10 - -1))?
-16
-1 + 36 + 4 + (1 + -7 - (-70 + 60))
43
Evaluate -5 + (8 - 0 - 2) + (93 + -81 - 9).
4
What is the value of (-40 - -19) + 3 + (-10 - (-2 - 4))?
-22
Calculate -66 + -17 + 65 + -14 + -18 + 0.
-50
Evaluate (-9 + -36 - -89) + -40.
4
Evaluate -41 + -84 + 118 - (45 + -1).
-51
Evaluate (-42 - (-4 + (-1 - -7))) + (-20 - (-32 + -1)